e greatest common factor of 76 and 7999?
19
What is the greatest common divisor of 17361 and 27?
27
Calculate the highest common divisor of 20 and 19145.
5
What is the highest common divisor of 2886 and 333294?
78
What is the highest common factor of 319 and 832590?
319
What is the highest common factor of 50197 and 64113?
497
What is the greatest common divisor of 4 and 24349?
1
What is the highest common divisor of 603 and 536?
67
Calculate the greatest common divisor of 5490 and 175230.
90
Calculate the highest common divisor of 1534316 and 364.
28
What is the greatest common factor of 2422 and 878148?
346
What is the greatest common factor of 37 and 14008?
1
Calculate the greatest common factor of 8176 and 2482.
146
What is the highest common factor of 6 and 9258?
6
Calculate the highest common factor of 61 and 48373.
61
What is the greatest common factor of 2653 and 385?
7
Calculate the greatest common divisor of 38 and 13699.
19
What is the greatest common divisor of 16240 and 183680?
560
Calculate the highest common factor of 398 and 210542.
398
Calculate the highest common factor of 94850 and 98.
14
What is the greatest common factor of 3354 and 767?
13
Calculate the greatest common divisor of 33968 and 220.
44
Calculate the greatest common divisor of 29470 and 70.
70
What is the highest common factor of 1550869 and 821?
821
Calculate the highest common divisor of 230110 and 20.
10
Calculate the greatest common divisor of 2151 and 52992.
9
Calculate the highest common factor of 55390 and 522.
58
Calculate the highest common divisor of 17 and 3015494.
17
What is the greatest common divisor of 3861 and 63558?
297
What is the greatest common divisor of 1082370 and 15?
15
What is the highest common divisor of 1955 and 680?
85
Calculate the highest common divisor of 152628 and 7.
7
Calculate the highest common factor of 688 and 22274.
86
Calculate the highest common factor of 267850 and 30194.
974
Calculate the greatest common factor of 832 and 19864.
104
Calculate the highest common divisor of 472728 and 384.
24
What is the highest common divisor of 10048266 and 18?
18
Calculate the greatest common divisor of 25451 and 62.
31
Calculate the highest common factor of 16240 and 19604.
116
What is the greatest common factor of 56 and 1048?
8
Calculate the highest common factor of 85360 and 22.
22
Calculate the highest common factor of 27499 and 3424.
107
What is the greatest common factor of 45370 and 520?
130
Calculate the highest common factor of 9342 and 2322.
54
Calculate the highest common divisor of 1444 and 376162.
722
Calculate the greatest common divisor of 25704 and 1792.
56
What is the greatest common divisor of 1816 and 1504?
8
Calculate the highest common divisor of 405 and 10095.
15
What is the greatest common divisor of 371 and 64932?
7
Calculate the highest common divisor of 152 and 5947.
19
What is the highest common factor of 8005 and 35?
5
Calculate the greatest common factor of 30010 and 10.
10
What is the highest common divisor of 788 and 300425?
197
What is the highest common divisor of 20688 and 464?
16
Calculate the greatest common divisor of 3893 and 408.
17
What is the highest common divisor of 232505 and 1404?
13
What is the greatest common factor of 4268549 and 109?
109
What is the highest common factor of 2393358 and 22?
22
What is the highest common factor of 5920 and 481?
37
Calculate the greatest common divisor of 109941 and 273.
39
Calculate the greatest common factor of 85 and 2370.
5
What is the greatest common factor of 25780 and 632?
4
What is the greatest common factor of 4301 and 16456?
187
Calculate the highest common divisor of 4942 and 6048.
14
What is the greatest common divisor of 61776 and 70512?
624
What is the greatest common factor of 234250 and 100?
50
Calculate the highest common divisor of 11 and 35123.
11
What is the highest common divisor of 247779 and 1596?
399
What is the greatest common divisor of 2362077 and 414?
207
What is the highest common factor of 187757 and 359?
359
What is the highest common divisor of 1394460 and 549?
549
Calculate the greatest common factor of 605 and 199100.
55
What is the greatest common divisor of 149910 and 114?
114
Calculate the greatest common divisor of 48 and 35064.
24
What is the greatest common factor of 6192 and 12814?
86
What is the highest common divisor of 132 and 484?
44
Calculate the greatest common factor of 2600 and 244.
4
What is the greatest common divisor of 2253658 and 22?
22
Calculate the greatest common factor of 50080 and 160.
160
Calculate the greatest common factor of 31023 and 144.
9
Calculate the greatest common divisor of 17 and 167858.
17
What is the greatest common divisor of 619460 and 3760?
940
Calculate the highest common divisor of 39710 and 88.
22
What is the greatest common factor of 195 and 74061?
39
Calculate the highest common factor of 331389 and 27.
9
What is the highest common divisor of 15 and 99115?
5
What is the highest common divisor of 9544 and 32?
8
Calculate the highest common divisor of 387 and 4769001.
387
What is the highest common factor of 34000 and 1156?
68
What is the highest common factor of 9100 and 1792?
28
Calculate the highest common factor of 1568 and 125587.
49
What is the highest common factor of 21 and 591?
3
What is the highest common divisor of 6902 and 116?
58
What is the highest common divisor of 165 and 15488?
11
What is the highest common factor of 362728 and 8?
8
What is the greatest common factor of 88 and 61842?
22
Calculate the highest common factor of 3350 and 2350.
50
Calculate the highest common factor of 96 and 220128.
96
Calculate the greatest common divisor of 146188 and 644.
644
What is the greatest common divisor of 9178 and 26?
26
What is the highest common divisor of 89774 and 18?
2
What is the greatest common divisor of 824 and 21016?
8
What is the greatest common divisor of 18232 and 258?
86
Calculate the greatest common factor of 1691 and 3743.
19
What is the highest common factor of 119 and 429012?
17
What is the highest common divisor of 75 and 59715?
15
What is the greatest common factor of 20 and 2094475?
5
What is the highest common divisor of 5632 and 814?
22
Calculate the highest common divisor of 65 and 2527330.
65
Calculate the highest common divisor of 66881 and 47.
47
What is the greatest common divisor of 12012 and 29744?
572
What is the greatest common factor of 270 and 7110?
90
Calculate the greatest common factor of 105948 and 4.
4
What is the greatest common factor of 1794 and 19968?
78
Calculate the greatest common divisor of 269 and 642641.
269
What is the greatest common factor of 256 and 360?
8
What is the highest common divisor of 2525 and 6161?
101
What is the highest common divisor of 714736 and 131?
131
What is the highest common divisor of 4 and 150287?
1
What is the greatest common factor of 46728 and 156?
12
Calculate the greatest common factor of 195523 and 23.
23
Calculate the greatest common divisor of 13895505 and 585.
585
What is the highest common factor of 80 and 22720?
80
What is the greatest common divisor of 29568 and 550?
22
What is the highest common factor of 169345 and 55?
55
What is the greatest common factor of 1775 and 415?
5
Calculate the greatest common factor of 463581 and 342.
171
What is the greatest common factor of 779506 and 91?
91
Calculate the highest common divisor of 1684 and 119143.
421
What is the highest common divisor of 986 and 4698?
58
Calculate the greatest common divisor of 1106 and 2167207.
553
Calculate the greatest common factor of 9 and 840780.
9
Calculate the highest common factor of 808 and 40.
8
Calculate the highest common divisor of 752 and 142504.
376
Calculate the highest common factor of 14945 and 6649.
61
What is the greatest common factor of 1 and 13004?
1
What is the highest common factor of 22 and 3377913?
11
What is the highest common factor of 6092 and 28?
4
Calculate the highest common divisor of 28 and 2434.
2
What is the highest common divisor of 277 and 1820167?
277
What is the greatest common factor of 91760 and 186?
62
What is the greatest common divisor of 19384 and 8?
8
Calculate the highest common factor of 1776 and 4958.
74
What is the highest common factor of 6234 and 18?
6
Wha